2 + z - 2. Give a(b).
0
Let k(b) = -b**2 - 7*b + 2. Suppose 0 = 5*o - 3*i, -4*o = -i + 2*i + 17. Let r be (-1 - (o + 3)) + 7. Let q be -2 - r - -3 - 1. What is k(q)?
8
Let j(w) = -w**3 + 4*w**2 + 8*w + 1. Let a be 7 - ((-2)/(-1) - 0). Let h(o) = -o**3 + 4*o**2 + 7*o + 1. Let d(r) = a*j(r) - 6*h(r). Calculate d(4).
-9
Let y(c) = c + 2. Let b be y(-4). Let w(u) = 2*u**2 - 2*u + 1. Suppose 4*k + 18 = 2, -4*x + k = 0. Let v(j) = -j. Let d(i) = x*w(i) + 4*v(i). Determine d(b).
-5
Let u(v) = -7*v - 9. Let n(l) = 4*l + 5. Let a(b) = 11*n(b) + 6*u(b). What is a(-4)?
-7
Let a(z) be the first derivative of 3*z**2 - z + 4. Let r be 15/(-5)*(-4)/6. Determine a(r).
11
Let c be ((-10)/3)/((-2)/3). Let i = -3 + c. Let f(y) = 0*y - 2*y - 3*y**i + 5*y. What is f(2)?
-6
Let p(l) = -3*l**2 + l. Let h be p(-1). Let u be (-6)/9*-3*1. Let w(z) = -4 + 0*z + 28*z**2 - 4*z - 29*z**u - z. Calculate w(h).
0
Let y(d) = d**3 + 3*d**2 + 3*d + 1. Suppose -c = -4 + 1. Suppose b = c*b. Suppose -2 = -t, p - 5*t - 9 + 21 = b. Determine y(p).
-1
Let a(h) = -4*h**2 - 8*h - 24. Let f(j) = 3*j**2 + 5*j + 16. Let c(t) = -5*a(t) - 7*f(t). Suppose -12 - 2 = -y. Let b be (-4)/y - 44/(-7). Calculate c(b).
2
Suppose -8*p + 5 = -3*p. Let g(b) = -8*b - 1. What is g(p)?
-9
Let o = -11 + 7. Let c(j) = j**3 + 3*j**2 - j - 1. Let s be c(-3). Let f(x) = 3*x - 2*x - s*x - 2. Give f(o).
2
Suppose -2*p = -5*k + 23, -p = -3*k + p + 13. Let f(g) = -g + k - g + 0 - 4. Let n = -1 - 0. What is f(n)?
3
Let q(j) be the third derivative of -j**5/60 + j**4/24 + 5*j**3/6 - 13*j**2. Give q(0).
5
Let h(m) = -5*m**2 - 5*m**2 + 2 + 5*m**2 + 6*m**2. Calculate h(-2).
6
Suppose -3*h - 12 = h. Let z(q) = q**2 - q - 3. What is z(h)?
9
Let x = 1 - 1. Let n(r) = -5*r - 6. Let i(y) = y + 1. Let a(o) = 4*i(o) + n(o). Calculate a(x).
-2
Let a(w) = 5*w**2 - 3*w. Let q(j) = -j**2 + j. Let x(c) = a(c) + 4*q(c). Let f = -5 + 7. Let v be f/((-2)/6*-3). Calculate x(v).
6
Let c = 6 + -6. Suppose s = 4*g, 3*g - s - 1 = -c*s. Let q(r) = 9*r**2. What is q(g)?
9
Suppose -u = -4*g - 18, -u = -6*u + 3*g + 22. Let o(i) be the second derivative of i**5/20 - i**3/6 - i**2/2 + 6*i. Calculate o(u).
5
Let z(l) be the first derivative of -l**4/4 + 3*l**3 + 4*l**2 + 6*l + 59. What is z(10)?
-14
Let u(t) = 2*t - t + 4*t**2 - 3*t**2. Suppose -4*x - 4*f = 20, -3*x + 4*x - 2*f = 4. Calculate u(x).
2
Let x(t) = t**2 - 10. Let h(l) be the third derivative of l**5/20 - 7*l**3/2 - 3*l**2. Let q(g) = -2*h(g) + 5*x(g). Calculate q(0).
-8
Let p(m) be the second derivative of -m**8/6720 + m**7/2520 + m**6/360 + m**5/120 - m**4/3 + 4*m. Let w(d) be the third derivative of p(d). Calculate w(2).
1
Let d(c) = -c**2. Let k(l) = 5*l**2 - l - 2. Let g(x) = 4*d(x) + k(x). Suppose -2*w - 4*w = -12. Calculate g(w).
0
Let m(q) = 2*q - 7. Let p(n) = n - 4. Let f(b) = -3*m(b) + 5*p(b). Let u(h) = -7*h + 8. Let l(v) = -6*f(v) + u(v). What is l(-3)?
5
Let j(o) = o - 1. Let u(y) = 5*y - 8. Suppose 3 = -2*g + 5. Let v(x) = g*u(x) - 4*j(x). Give v(-4).
-8
Let h(z) = 7*z + 5*z**3 - 5*z**2 - 1 + z**2 - 6*z**3. Let i(c) = c - 14. Let w be i(9). What is h(w)?
-11
Suppose -2 - 13 = -3*r. Suppose 4*i = r*i. Suppose i = -3*y - 0 - 6. Let j(c) = -c**3 - 3*c**2 - 3*c - 1. Determine j(y).
1
Let w(p) = -7*p**3 - 3*p**2 + 8*p. Let m = -9 - -9. Let f be 1*-2*(2 - m). Let v(y) = 3*y**3 + 2*y**2 - 4*y. Let g(o) = f*w(o) - 9*v(o). Determine g(5).
-5
Let b(p) = -p**3 - 3*p + 6. Let m(h) = -2*h**3 - h**2 - 7*h + 13. Let r(y) = 5*b(y) - 2*m(y). Calculate r(3).
-8
Let i(x) = -2*x - x + 1 - 6 + 4*x. Let g be (8 + -2)*(-1)/(-2). Give i(g).
-2
Suppose 4*q = 3*d + 13, 0*d - q + 7 = -2*d. Let r(k) = 4*k - 2 - 2*k - 3*k**2 - k - k**3. Give r(d).
-5
Let q be ((-13)/39)/((-2)/24). Let u(x) be the second derivative of -x**5/20 + 5*x**4/12 - x**3/2 + 3*x**2/2 - x. Calculate u(q).
7
Let n(q) be the second derivative of q**4/12 - q**3/6 - 15*q**2/2 - 2*q. Let f = -19 - -19. Give n(f).
-15
Let t(b) = -10*b**3 + 2*b**2 + b**3 + b + 6*b**3. Calculate t(-1).
4
Let d(z) be the second derivative of z**4/12 + z**3/3 - z**2/2 + 3*z. Suppose -2 = 5*h - 4*h. Give d(h).
-1
Let l(t) = 2*t. Let n(s) = -s - 2. Let j be n(1). Determine l(j).
-6
Let w(x) = 0*x - 1 - 6*x**2 - 3 + 17*x. Let h(z) = -3*z**2 + 9*z - 2. Let m(n) = -11*h(n) + 6*w(n). Suppose c - 2*i = 6, 4 = -2*c + 2*i + 12. Determine m(c).
-8
Let b(z) = -z**2 - z - 1. Let k(h) = -3*h**2 + h + 2. Let d(c) = -2*b(c) - k(c). Calculate d(-1).
4
Suppose 0 = -4*w + 9*w + 25. Let x = w - -6. Let y(d) = 8*d + 1. What is y(x)?
9
Let z(k) be the second derivative of 2*k + 0 + 1/3*k**3 + 1/2*k**2. Give z(3).
7
Let d(i) = 6*i**2 + 3*i - i**3 + 2*i - i**2 + 6. Suppose -5*c - 39 = -9. Let x be (c/(-7))/(2/14). What is d(x)?
0
Let c(n) = n**3 + 6*n**2 - 7*n + 9. Let t = -73 + 66. What is c(t)?
9
Let h(i) be the third derivative of -i**4/6 + 7*i**3/6 + 36*i**2. What is h(6)?
-17
Let v(w) = w**2 - 6*w + 7. Let t = 5 - -5. Let r(u) = -u + 15. Let j be r(t). Determine v(j).
2
Let t(m) = 7*m - 2. Let k(l) = -8*l + 2. Let x(d) = -6*k(d) - 7*t(d). Let i = 1 + -3. Let o = i - -6. What is x(o)?
-2
Let x(c) = -c**3 + 3*c**2 - 4*c + 2. Let s(z) = -z**2 - 1 + 0*z + 2*z**2 + 2*z. Let l(p) = -3*p**2 + p - 1. Let b be l(1). Let j be s(b). Give x(j).
-2
Let r(p) = -p + 1. Suppose -3*y = 2*y - 20. Let o be (y - 1)/(3/(-4)). What is r(o)?
5
Suppose -3*i + 9 = 3*n, -5*n + 17 = 2*i - 1. Let m(z) = -z - z - n*z. Let s be (-3)/6*1*-2. Determine m(s).
-6
Let q(k) = k**3 + 2*k**2 - k + 1. Suppose 0 - 1 = n - l, -5 = n + 3*l. Let d be q(n). Let x(m) = 4*m - 4. Determine x(d).
8
Let n(u) be the first derivative of -u**3/3 + 2*u - 27. Give n(5).
-23
Let d be (-9)/(-3)*(-1)/1. Let m(w) = -3*w - 2 + 5 + 0*w - 4. Calculate m(d).
8
Let a(b) = -2 - 7 + 5 - b. Calculate a(0).
-4
Let w(l) = l**2 + 4*l - 3. Let u(o) = 7*o - 3 - 2 + o**2 - 1 + 2*o**2. Let r(q) = -2*u(q) + 5*w(q). Give r(5).
2
Let v(f) be the first derivative of 2/3*f**3 + 6 - 4*f - 5/2*f**2. What is v(4)?
8
Let j(o) = 2*o + 1. Let u = -42 + -10. Let z be 4/14 - u/14. Calculate j(z).
9
Let m be 0 + -2 + 6/1. Let s(b) = -4*b + 30. Let y be s(7). Suppose h + 3 = -t + m, 0 = 3*t - y*h + 22. Let q(n) = n + 8. Calculate q(t).
4
Let c(h) = -h**2 + 2*h + 1. Let l be 20/(-8) - 1/(-2). Let u be l*(-2)/2 + 0. Suppose u*z = 5 + 1. Calculate c(z).
-2
Let v be (1/4)/((-2)/(-8)). Let q(l) = -5*l + 5*l - v + 2*l. Calculate q(3).
5
Suppose 4 = -0*k + 4*k. Let q(b) = k - 7*b**2 + 5*b**2 - b + 0*b**2. Determine q(1).
-2
Suppose 4*k - 25 = -k. Suppose k*z - 4*n = 30, -z - 24 = -3*z + 4*n. Suppose -v = z*y + 7, 5*y - v - 10 = -31. Let x(s) = s**2 + 3*s + 3. Determine x(y).
7
Let y(p) = p**3 - 2*p**2 - 2*p + 3. Suppose 14 = -h + 17. What is y(h)?
6
Let m(w) = 7*w**2 - 2*w + 5. Let b(a) = 20*a**2 - 5*a + 14. Let p = 17 - 11. Let v(x) = p*b(x) - 17*m(x). What is v(-5)?
4
Let g(j) be the first derivative of -j**3/3 + 3*j + 1. Let c(o) = -o**2 + 5*o - 4. Let p be c(3). Let k = -1 - p. Give g(k).
-6
Let s(t) = 99*t**3 + 1 + 3*t**2 - 100*t**3 - 7*t**2 - 2 - t. Determine s(-4).
3
Let i(d) = -d**3 + d**2 - 4*d. Let w(g) = -g - 1. Let h(o) = i(o) - 5*w(o). Let f(b) = -b - 1. Let z be f(-1). Give h(z).
5
Let a(d) = d + 2 - 2 + 0. Let v = 8 - 5. Suppose 0 = -g + v, 3*s - 16 = -2*s + 3*g. What is a(s)?
5
Let d(c) = c**3 + 5*c**2 - 7*c - 5. Let q be d(-6). Suppose u = -5 - q. Let h be 1 + -1 + u/(-3). Let g(v) = 4*v**2 - 4*v + 2. Determine g(h).
10
Let r(g) = 4*g - 258*g**2 + g**3 + 2 - 5 + 264*g**2. Give r(-5).
2
Let o(d) be the third derivative of d**6/360 - d**5/20 + d**4/24 - d**3/3 - 3*d**2. Let v(z) be the first derivative of o(z). Give v(4).
-7
Let r(o) = -o. Suppose -5*i = -3*h + 16, 2 = 3*h + 4*i + 4. Give r(h).
-2
Let i(l) = -l**2 + 2*l + 2. Let y be i(4). Let k(v) = 5*v**2 + 19*v + 21. Let j(a) = a**2 + 4*a + 4. Let x(n) = 11*j(n) - 2*k(n). What is x(y)?
2
Let u(x) = -2*x**2 - 4*x + 6. Let k(b) = -b**2 + 1. Let o(n) = -k(n) + u(n). Let r = -8 - -18. Let s = -15 + r. What is o(s)?
0
Let f = -8 - -10. Let h(v) = f + 3*v + 2*v - 2*v + v. What is h(-2)?
-6
Let q(f) = 2*f. Let n be q(2). Suppose 16 + n = -2*v + 2*x, -25 = 3*v - 2*x. Let p(i) = 2*i - 6. Give p(v).
-16
Let o be 1*-1 - (3 - 9). Let r(s) = s + 4. Let z be r(-2). Let q(v) = 3 + 3*v**3 + o*v**3 - v**z +